 + 3?
3
What is 3 + -15 + 8 + -2?
-6
Calculate (1 + 5 - -2) + -4 - 8.
-4
Calculate (22 + -13 - (-4 + 2)) + -6.
5
(1 - 0) + (2 - (0 - 1))
4
-3 - (0 + (3 - (12 - 1)))
5
What is -9 + (3 - (-7 + -6))?
7
Evaluate 2 - -8 - (-10 - -19).
1
What is the value of -4 + 1 - (3 + -2)?
-4
Calculate 0 - 4 - (-4 - 5).
5
What is -4 - (-8 - (-2 - 3 - 4))?
-5
What is the value of 1 - ((5 - 2) + -9 + 2)?
5
Evaluate -9 + (6 - 7) + 16.
6
0 - (-1 + 0) - (-4 + 4)
1
Calculate 3 - ((-4 - -6) + -1 + -5).
7
What is the value of (-110 - -112) + (0 - (-1 - -3))?
0
2 - (-2 + (-6 - -6 - -2))
2
What is (-41 - -40) + -4 + 0 - -10?
5
Evaluate -5 - (-4 - -4) - (2 - 2).
-5
-3 + -4 - (-1 + -5)
-1
0 - (-6 - (8 - 6))
8
-1 + (0 - 2) + 7
4
Calculate 2 - (-4 + -2 - (-4 - -3)).
7
What is 3 + (10 - 21) + 6 + 0?
-2
Calculate -46 - -40 - (1 + -7).
0
1 - (4 - 9) - (0 + -1)
7
-3 - ((-12 - -3) + 10)
-4
(0 - (3 - -2)) + (1 - -1)
-3
-8 + 14 + -11 + 3
-2
Evaluate 2 + (0 + 1 - 4) - -2.
1
What is the value of -5 - (-21 + 11 - 1)?
6
(-1 - (-4 - (2 - 1))) + 0
4
What is -6 - (1 + -14 + 10)?
-3
Calculate -10 + -2 + 8 - -6.
2
Evaluate -1 - (-7 + 3 + 10).
-7
Calculate -1 - (0 + 3 + 0 + -1).
-3
What is (6 - 9) + (1 - -4)?
2
What is the value of 8 + (18 - 12) - (1 - -6)?
7
-6 - -4 - (-11 - -6) - 8
-5
Calculate 2 + (6 - 11) + (1 - 0).
-2
What is the value of 13 - 9 - (0 + 2)?
2
-1 + (47 - 43) + (2 - 1)
4
(4 - (-2 - (-5 + 1))) + -4
-2
Evaluate (2 - 0) + 3 + -6.
-1
What is -2 + (0 - (-1 + 2)) + 5?
2
(-2 - -6 - 3) + -1
0
What is 1 - ((-61 - -55) + (10 - 1))?
-2
Evaluate 1 - 3 - ((4 - 8) + 8).
-6
(7 - (4 - (-2 + -1))) + 5
5
-6 - 1 - (-96 + 96)
-7
-1 + (7 - (-5 + 11)) + -4
-4
Calculate -2 - (3 + (-6 - (1 + -3))).
-1
What is the value of 2 - ((-1 - 2) + -2 + 10)?
-3
What is the value of -4 - (-1 - (-2 + 3 + -2))?
-4
What is (0 + -2 - 1) + (8 - 3)?
2
What is -28 + 24 + (1 - 1 - 2)?
-6
What is (-3 - -6 - 4) + -3 + 4?
0
Calculate -2 - (-15 + 9 + 8).
-4
(-3 - (4 - 7)) + 4 + 0
4
What is 4 - 1 - 0 - 0?
3
Calculate 10 - 15 - -5 - -8.
8
-6 - (-16 + 0 + 8)
2
Evaluate -36 - -24 - (-12 + 0).
0
Evaluate 10 - ((-5 - 1) + 14).
2
What is the value of -10 + (2 - (-4 - 0))?
-4
What is the value of 4 - 2 - (6 + -8)?
4
What is the value of 8 + (-17 - (-3 + 1))?
-7
What is the value of -1 + 10 - 21 - -2?
-10
Evaluate 6 + -5 - (1 - 0) - 2.
-2
Evaluate -2 - (5 + 8 + 5 + -13).
-7
-1 + (0 - 0) - (-2 + 4)
-3
Calculate -11 + 3 + (26 - 18).
0
What is (-2 - 6 - (24 + -27)) + -3?
-8
Calculate 2 + -1 - (0 - 1).
2
Evaluate 0 + 0 + -8 + 9 + -1.
0
What is 3 - (-1 + -2 - -4)?
2
Calculate 4 + -1 - -4 - 4.
3
3 + 5 + -3 + -4 + -5
-4
5 + -13 - (-9 + 4 - -4)
-7
(0 - (-5 - -5)) + 4 + -6
-2
Evaluate 1 + -2 + 2 + 2 + -3.
0
Evaluate 9 + 1 + -3 + 0.
7
What is -4 + 8 + 4 + -6?
2
Evaluate (2 - (-2 - -7)) + (-3 - -7).
1
Evaluate 13 + -11 + -6 + 2.
-2
Evaluate 3 + 2 + -1 + -7 + 9.
6
What is (5 - 4) + -5 + 2 + 1?
-1
What is the value of (0 - -2) + -3 + (9 - 13)?
-5
Evaluate -6 - (5 + 1 - 9).
-3
Evaluate 2 + (-2 - 2) + -8 + 3.
-7
0 + 1 - (-24 + 23)
2
What is the value of 5 + -10 + 6 + 2 + -2?
1
What is 0 + (-3 - -2) + 2 - 1?
0
Evaluate -16 + 1 - -14 - (-2 - 1).
2
5 + (-9 - -8 - 0)
4
Evaluate (4 - 12) + 7 + -2.
-3
Evaluate (-2 - (3 + -4)) + 2 + -6.
-5
What is the value of -4 - -7 - 7 - -1 - -3?
0
Calculate -2 - (2 + -2 + -6 + -1).
5
What is the value of 3 + -1 + -2 - (-1 + 1)?
0
What is -11 - -6 - (0 - 9) - -3?
7
What is the value of 2 + -1 + 3 - (-24 + 32)?
-4
Evaluate -3 + -4 + 2 + 1 + 1.
-3
What is the value of 8 - 3 - -5 - 13?
-3
Calculate -2 + -3 + (8 - -2) - 3.
2
Evaluate -4 + (-5 - -6) - -7.
4
Calculate -2 + 3 - -6 - -2.
9
What is the value of 0 + -4 + 8 - 0?
4
What is the value of -1 - ((-2 - -5) + -4)?
0
What is the value of 0 - (-3 - (-3 - -3))?
3
Calculate -6 - -1 - -3 - (0 - -3).
-5
Calculate -2 + 2 + (3 - -6 - 3).
6
What is the value of 28 - 35 - (1 - 6)?
-2
What is -1 + -1 - (1 + -8 + 5)?
0
-2 + -2 + -2 - -2
-4
Evaluate -8 + 6 + 7 + -4.
1
Calculate (2 - 3) + (-44 - -46).
1
Calculate (0 - -2) + -1 + 0 - 0.
1
Calculate -2 + -4 - -6 - -2 - 0.
2
What is 7 + 2 + (-7 - 3)?
-1
-1 - (-3 - (0 - 8)) - -1
-5
What is (0 - -7) + -1 + 18 + -13?
11
Evaluate 1 - (-2 + -4 + 2).
5
Evaluate -1 - (3 + -3 + (-4 - 1)).
4
Calculate -8 - (-10 - (-4 - -7)).
5
-3 + 6 - (2 + 5)
-4
What is the value of -2 - ((-10 - -7) + 4 + -4)?
1
(-1 - 8) + 72 + -72
-9
(-33 - -34) + (-7 - -2)
-4
What is (0 - -2) + -39 + 36?
-1
Evaluate (-3 - 0) + -4 - -3.
-4
What is the value of 4 + ((-2 - -8) + -1 - 4)?
5
Evaluate 13 + (-22 - (-1 + -9)).
1
-6 + 7 - (4 + 0 + -4)
1
Calculate (3 - 4) + (2 - -3).
4
-3 + -6 + 0 + 5
-4
Evaluate -3 - (4 - -8 - 20).
5
What is the value of -8 - (3 + (4 - 15) - -4)?
-4
What is -2 + (2 - (8 - (-2 + 7)))?
-3
(-1 - 5 - -4) + 7
5
What is (-1 + 4 - 3) + (2 - 5)?
-3
6 + -1 - (29 - 28)
4
-2 - (-5 + 1 + 5)
-3
Evaluate -8 - (-23 + 6 - -10).
-1
5 + -13 + 0 + (45 - 38)
-1
-4 - (-1 - (1 + 2))
0
What is the value of -1 - (13 + 6 + -12)?
-8
Evaluate -4 - (5 + -1 - 2).
-6
1 - (16 - (-4 - -9))
-10
Evaluate (-2 - 1) + 2 - -4.
3
Evaluate (0 - -3) + 13 + -17 + -3.
-4
(-4 + 3 - -5) + (-4 - -3)
3
What is 19 + 1 + 4 + (-29 - -16)?
11
Calculate (0 + 0 - -2) + -7 - -9.
4
(-1 - -7 - 0) + 96 + -97
5
Calculate (-11 - -2) + (-9 - -16).
-2
Calculate -3 - (2 + 4 + -4).
-5
What is the value of -12 + (11 - 3) + -2?
-6
What is the value of -50 + 46 - (1 + -8) - 6?
-3
Calculate 19 - (2 - -10 - 2).
9
What is (-2 - -10) + -2 + -2 + -4?
0
-3 + (12 + -5 - (-1 + 3))
2
What is 1 - ((-3 - (-4 + 0)) + 0)?
0
What is the value of -10 + (3 - 7) + 6?
-8
Evaluate 36 - 29 - (-2 + 1).
8
What is 1 + 1 + -5 + 1 + -1?
-3
(18 - 7) + -10 + 1 + 4
6
What is ((3 - 5) + 4 - 4) + 5?
3
What is (11 + -3 - 7) + -2?
-1
What is the value of -5 + (-4 - (-7 + 9 + -4))?
-7
What is -1 - ((-6 - 2) + 6)?
1
What is -2 - (3 + (0 - 0 - 2))?
-3
Evaluate (1 - (-12 + 1)) + -5 + -1.
6
What is the value of (5 - 13) + 4 - (0 + -4)?
0
-5 + (3 - (0 - (-1 - -1)))
-2
Calculate 3 + (0 - (-4 + 5 + 3)).
-1
What is 2 + 0 - (-2 - -2)?
2
What is 5 + 1 + (4 - 4) - 4?
2
Calculate 7 - (12 - (8 - 5)).
-2
What is -4 + (-2 + 3 - (-2 + 3))?
-4
Calculate 11 + -1 + (-8 - -3).
5
What is the value of -18 + 23 + 0 + -2 + -9?
-6
What is -16 + 11 + -1 + 2?
-4
What is 4 + (4 - -1) + -4 - 5?
0
Calculate 6 - (2 - ((3 - 3) + 0)).
4
What is 0 - ((-1 - -3) + 1)?
-3
Calculate (7 + -7 + 1 - -2) + -7.
-4
Calculate 1 + 1 + (-9 - -2) + 2.
-3
What is (-12 - -9 - (-2 - -4)) + 6?
1
What is 2 + -1 + 5 - (-7 + 10)?
3
Evaluate -1 + 0 + 4 + 1 - 4.
0
Evaluate -7 + 3 + (11 - 3).
4
What is the value of (49 - 57) + 1 + 9?
2
6 + (-3 - 3 - -5)
5
6 + -15 + (9 - (-6 - -11))
-5
What is 7 - (8 - (-4 + (-1 - 2)))?
-8
Calculate -7 - -1 - (2 + -2 - 1).
-5
Evaluate 7 - 0 - (1 + 3).
3
3 + 1 - 0 - 4
0
-6 + -2 + (-1 - (14 + -12))
-11
What is 3 - (-3 + 9 + -5 + 6)?
-4
-3 - 1 - (-16 - -10)
2
What is 6 - (-2 - (7 - 12))?
3
Calculate -4 + (2 - (7 - (4 - 3))).
-8
Calculate -1 + 2 - (3 - (2 + 1)).
1
Calculate -2 + 3 + -3 + (-1 - -3).
0
Calculate -1 + -12 + 0 - (4 - 10).
-7
Evaluate 0 + 2 + -1 + (-18 - -14).
-3
What is the value of (5 + -10 - -5) + -1?
-1
What is -5 - -9 - (-3 + 5 - 3)?
5
Calculate -1 + -1 + 9 + -5.
2
Evaluate -35 + 40 - (0 + (-3 - -6)).
2
What is the value of 2 - (1 + (-10 + 4 - -8))?
-1
Evaluate -1 + 3 + -1 + 1.
2
-4 + (-3 - 2) + 5
-4
Calculate -2 + 2 - (1 - -9 - 6).
-4
-5 - (9 + -8 - (2 - -4))
0
What is (13 - (21 - 9)) + -4?
-3
Evaluate 0 + -9 - (-62 - -62).
-9
Calculate 2 + (1 - -2 - 4) + 2.
3
Calculate 4 + (0 - (-3 - (-1 - 1))).
5
Calculate -14 - (2 + -5 + -2).
-9
What is the value of -7 + 1 + (77 - 67)?
4
-10 - (-16 + -2) - (0 - -2)
6
Evaluate -4 + (1 + (-3 - -5) - 0).
-1
Evaluate 67 + -56 - (21 - 3).
-7
(3 - 2) + -1 + -1 + 1
0
What is 5 + -5 + -2 + 4?
2
Evaluate 3 + 18 + -6 + -6.
9
Evaluate -12 - (8 - 4 - 9).
-7
What is (-8 - -4) + (1 - 0) - -1?
-2
Evaluate 14 + (-7 - (-8 + 5)) + 1.
11
Calculate (4 - 9) + (1 - (0 + 1)).
-5
(-4 - -12) + (0 - 4)
4
(-1 - (0 + -4)) + (-6 - 1)
-4
9 + (-3 + -2 - (0 + -2))
6
7 - (9 + (1 - 6))
3
0 + (16 + -9 - (-2 - -4))
5
9 + (0 - 9) - -7
7
What is the value of 1 - -10 - 0 - 12?
-1
-2 - -5 - -2 - 7
-2
What is the value of 8 - (8 - (0 - 3))?
-3
Calculate 0 - (6 - 8) - -3.
5
What is the value of -4 + 12 - (1 - -2)?
5
Evaluate (5 - 11) + (5 - -2).
1
Calcula